t + 5*f + 23. Give o(t).
-1
Let n(l) be the second derivative of l**4/4 - l**3/2 + l**2/2 - 9*l. Let d = -5 - -5. Let j = 2 - d. Calculate n(j).
7
Let s(r) = r**2 - 5*r - 6. Let p be s(6). Let u = -10 - -12. Let n(m) = -m**3 - 3*m**2 - 2*m - 10 + 4*m**2 - u*m**2 + m. Calculate n(p).
-10
Let o(a) = -a + 7. Let g be o(11). Let t(n) = -2*n**2 - 7*n - 5. Determine t(g).
-9
Let q(m) be the second derivative of -1/12*m**4 + m**2 + 0 + m + 1/6*m**3. Give q(-3).
-10
Let c(d) = -6*d + 1. Let r(s) = s. Let t(p) = c(p) + 5*r(p). Let q(g) = -3 + 5 - 8*g + 4. Let u(n) = -q(n) + 6*t(n). Give u(1).
2
Let g = -10 + 4. Let q be -1 + 1 - g/2. Let l(f) = f**3 - 3*f**2 + 3*f - 3. Calculate l(q).
6
Let r(y) be the first derivative of -y**4/4 + 2*y**3 - 5*y**2/2 - 2*y + 1. Suppose -d + 4*q + 6 = 0, 1 = d - 5*q - 8. Let m = d - -11. Calculate r(m).
-2
Let u(p) = -p**3 - 2*p**2 + 3*p + 1. Let c be (0/2 - 1)*6. Let g = c + 5. Let b be ((-3)/(-9))/(g/9). Calculate u(b).
1
Suppose 4*n - 37 = n + 5*j, 3*j + 19 = n. Let x(m) = -m**3 + 3*m**2 - 2*m + 3. What is x(n)?
-21
Let i(s) = -s**3 + 11*s**2 + 12*s. Let p be i(12). Let n(k) = k**2 - k - 3. What is n(p)?
-3
Let b(c) be the first derivative of -7*c**3/6 - 3*c**2/2 - 5*c + 6. Let i(f) be the first derivative of b(f). Calculate i(-2).
11
Let u(z) = -3*z**2 - 5*z. Let w(i) = 2*i**2 + 6*i. Let c(f) = -6*u(f) - 5*w(f). What is c(-1)?
8
Let h(p) = 10*p. Let b = 2 + 3. Suppose -3*k + 23 = b*u, -5*u + 13 + 11 = 4*k. What is h(k)?
10
Let s = -4 - 0. Let x(d) = d**3 + 6*d**2 - 6*d - 3. Let c(q) = 2*q**3 + 11*q**2 - 11*q - 5. Let h(i) = s*c(i) + 7*x(i). Calculate h(-3).
2
Let d(r) be the third derivative of r**5/60 + r**4/24 - 5*r**3/6 - 9*r**2. Calculate d(-4).
7
Let a(s) = -s**2 + 11*s - 1. Let p(q) = 2 - 10*q + 0 - 1 + q**2. Let c(o) = -5*a(o) - 6*p(o). Calculate c(4).
3
Let c(h) = -h**2 + 3*h + 4. Suppose -10 = -2*f + 2*g, -g - 3 = -4*f + 11. Let i be c(f). Let z(y) = 2*y + y**2 - 5*y + 0 + 1. What is z(i)?
5
Let f be (2 - 11)/3 - -7 - 2. Let i(n) = -n + 3*n**3 + 3*n**2 - n - 4*n**2 - 2*n**3 - 1. Calculate i(f).
-1
Suppose 5*v - 2*n + 1 = -11, -4*v - 9 = -n. Let d be (-4 - -2)*(-1)/v. Let j(s) = 8*s**3 - 2*s - 1. What is j(d)?
-7
Let v(t) = -t + 9 + 15 + 0 - 3. Give v(0).
21
Let r(v) = -22*v**3 - 2*v + 1. Suppose -4*k + 6 = 2*k. What is r(k)?
-23
Let f(d) = -3*d + 4 + 2*d**2 - 2 + 0 - d**3. What is f(3)?
-16
Let o(z) be the second derivative of -1/6*z**3 + 4*z + 5/2*z**2 + 0. Give o(5).
0
Let n(k) = k**2. Let h(p) = p - 3. Let d be h(7). Suppose 0*s - d*s = -8. Determine n(s).
4
Let j(g) = -7*g + 0 + 6*g - 3. Give j(0).
-3
Suppose 2*f - f = -2. Let l(n) = 5*n**2 + 2*n + 5. Let k(m) = -6*m**2 - 2*m - 6. Let z(r) = 4*k(r) + 5*l(r). Calculate z(f).
1
Suppose -9 = 3*t + 6. Let h(u) = 4*u**3 - 9*u**2 - 5*u + 2. Let c(a) = -3*a**3 + 8*a**2 + 4*a - 2. Let s(y) = t*c(y) - 4*h(y). Determine s(-3).
-7
Suppose -4*f + 2*u = -4, 2*u = -f + u + 1. Let t = f + 4. Suppose -1 - 24 = -t*x. Let w(m) = m**2 - 6*m - 3. Calculate w(x).
-8
Let p(d) be the second derivative of 7*d**4/12 + d**3/6 + 2*d. Let q be (-2*(-6)/(-36))/(2/(-6)). Give p(q).
8
Let h(p) = -6*p**2 - 2 - p**2 + 8*p**2. Give h(-3).
7
Suppose 2*c + o = 9, 4*o = 2*c - 0*o - 14. Let b be (2 - 0/(-1))*1. Let w = c - b. Let d(k) = -2*k + 2. Give d(w).
-4
Let g(k) be the third derivative of 2*k**5/15 - k**4/12 + k**3/6 + 35*k**2 - 2. Give g(1).
7
Let m(i) be the first derivative of -i**4/4 - i**3/3 + i**2 - 1. Suppose -8 = -k - 10. Determine m(k).
0
Let s be 2/4 - (-7)/(-2). Let d be (3/(-5))/((-1)/5). Let p(k) = -2*k**3 + 2 + d*k**3 + 5*k**2 + k + 2*k + 2*k. Give p(s).
5
Suppose c - 5 = 2*w, w + 12 = 5*c + 4*w. Let a(d) = -1 - c + 5*d + 0*d + 2 + d**2. Give a(-5).
-2
Let h(b) = 27 + 14*b**2 - 53 + 25 - 2*b. Determine h(-1).
15
Let d(c) = -3*c + 4 - 2*c + 7*c. Let y = -71 + 68. Calculate d(y).
-2
Let m(f) be the second derivative of f**7/2520 - f**6/180 + f**5/120 - f**4/12 - f. Let g(a) be the third derivative of m(a). Calculate g(3).
-2
Let w(c) = -c**2 + 1. Let k be w(1). Let g be 8 + k - 3/1. Let d(x) = x**2 - 4*x - 5. Determine d(g).
0
Let u(o) = -o - 15. Suppose 0 = 11*w - 10*w. What is u(w)?
-15
Let h(b) be the second derivative of -b**5/20 - b**4/12 + b**3/6 - 8*b**2 + 15*b. What is h(0)?
-16
Let c be (-22)/165 + (-6)/(-20). Let u(i) be the second derivative of i - c*i**3 + 0*i**2 + 0. What is u(0)?
0
Let a(y) = 6*y + 7. Let o be a(-2). Let j(l) = l**2 + 3*l + 6. Give j(o).
16
Let f(d) = 4*d - 2*d + d + 6. Let r(m) = -m + 1. Let j be r(5). Let s be (4 - -1)/(j - -3). Calculate f(s).
-9
Let u(b) = b. Let l(t) = 3*t - 1. Let r be l(-5). Let p = r - -22. Give u(p).
6
Let x(o) = 2*o**3 + 1 + 2*o**2 - o**2 - 3*o**2. Suppose 24 = 4*i - 3*g, 2*i - 3*i - 5 = 2*g. Let q = i + -2. Give x(q).
1
Let p be (-1)/2*(7 - 21). Let v(j) = -j**2 + 6*j + 6. What is v(p)?
-1
Let w be (-21)/(-14) - (-1)/2. Let h(v) = 7*v**3 - 2 - 6*v - 7*v**w - 8*v**3 + v**2. Determine h(-5).
3
Let w(k) = 7*k**2 + 33 - 4*k**2 + 6*k - k**3 - 38. Determine w(4).
3
Let m(b) = b**2 + 5*b + 3. Let n be m(-4). Let k(s) = -s - 1. Let f(i) = -2*i**3 - 6*i - 7. Let z(j) = -f(j) + 6*k(j). Calculate z(n).
-1
Let k(y) = -5 + 3*y + 22*y**2 - 21*y**2 + 1. Determine k(-5).
6
Let k be (-2 - -1)/(-1) + 2. Suppose -z + k*z - 8 = -3*l, 3*l - 2 = 4*z. Let b(g) = g - 1. Let r be b(l). Let n(h) = 2*h**2 - h + 1. Determine n(r).
2
Let i = 28 - 26. Let d(h) be the third derivative of -1/2*h**3 + 3*h**i + 0 + 1/4*h**4 - 1/60*h**5 + 0*h. Give d(4).
5
Let n(p) = p**3 - 5*p**2 - 4*p - 3. Let a be n(6). Let k = 8 - a. Let z(f) = -3*f. Give z(k).
3
Let h be (-9)/27 - 4/(-3). Let k(b) = b + 1. Let o(w) = -2*w + 3. Let i(d) = 2*k(d) - o(d). Calculate i(h).
3
Let z be (14 + -11)*8/3. Let f(t) = -z + 1 + 3 - 2*t + 3. Let b be (-2)/1*(1 + -2). Determine f(b).
-5
Let z(h) be the first derivative of -h**3/3 - 2*h**2 - 1. Let s(a) = 2 + a - 4*a**2 + 4*a + a - a**3. Let l be s(-5). Determine z(l).
3
Suppose 0 = -r + 3*r - 4. Let b(y) = -y + 3. Let c(d) = -d + 1. Let j(q) = -b(q) + 2*c(q). Give j(r).
-3
Let r(y) = y**3 - y + 16. Let b be r(0). Let q = 40 + -35. Suppose o - q*o = -b. Let v(l) = -l. Determine v(o).
-4
Let y(r) = -r + 1. Suppose 0 = 4*g - 7*g + 54. Let l be (4/(-6))/(2/g). Determine y(l).
7
Let u(c) = -6*c**2 + 1. Suppose -5*l + 0*l + 15 = 0. Suppose -2*m = r - 10, -2 + 5 = 5*m - l*r. Let i = m + -2. Determine u(i).
-5
Let f be (-2 - -3)/(8/8). Let k(m) = 1 + m**2 + 3*m**3 - m**2 - m**2. Determine k(f).
3
Let j(n) be the second derivative of -n**5/20 + 7*n**4/12 - n**3 + n**2 + 22*n. Give j(6).
2
Let t(v) = v**2 + 7*v + 2. Suppose 5*w + 11 = -19. What is t(w)?
-4
Let p(m) be the second derivative of -m**4/12 + 7*m**3/6 - 2*m**2 - m. Determine p(6).
2
Let s(l) be the first derivative of -l**4/4 - 2*l**3 - 5*l**2/2 - 2*l - 28. What is s(-5)?
-2
Suppose m + 8 = 2*m. Let o = m + -13. Let w(n) = -n**2 - 6*n - 1. Give w(o).
4
Let j(f) = f + 5. Let b = -2 + -1. Let m be j(b). Let k(u) = u**3 + 6*u**m + 1 + 2*u + 2 - 2*u**2. Give k(-4).
-5
Let q = 12 + -11. Let j(x) = -2*x + x**2 - 2*x**2 - 2*x**2 + 3 - q. Suppose -p + 2 = -3*b + 1, -2*p - 8 = 4*b. Calculate j(p).
-6
Let x(v) = 18*v - 11*v - 9*v. Determine x(-5).
10
Suppose z = 4, 4*v + 8 = 3*z + z. Let d(r) = 4*r**2 - 2*r + 1 + 4*r**3 + 3*r**3 - 4*r**3 - 4*r**3. Give d(v).
5
Let v(i) = i**2 - 4*i - 3. Suppose 3*a - 14 = 4. Let z = -1 + a. Suppose 0*s = s - z. Determine v(s).
2
Let l(r) = -r**3 + 5*r**2 + 13*r + 9. Let m be l(7). Let q(v) = v**3 + 2*v**2 + v. What is q(m)?
18
Suppose -2*x = -4*x - 4. Let z(v) = -5*v + 2. Determine z(x).
12
Let b(o) = 4*o**3 - 9*o**2 + 10*o + 6. Let m(p) be the third derivative of -p**6/120 + p**5/60 - p**4/24 + 4*p**2. Let w(x) = -b(x) - 5*m(x). What is w(-5)?
-6
Let l(w) = -10 - w + 0*w + 11 - 3. What is l(3)?
-5
Let s(i) = -i**2 + 2*i. Let k = 164 + -160. What is s(k)?
-8
Let y be (-8)/(-28) - (-18)/(-14). Let l(k) = -6. Let b(x) = -x + 1. Let u(z) = 12*b(z) + 2*l(z). Calculate u(y).
12
Let k(u) = -23*u - 1. Suppose 5*m + 6 = -2*c + 4*m, 2*m + 3 = 5*c. Give k(c).
22
Let u(j) = -j**3 + 4*j - 3. Let g(n) be the first derivative of n**4/2 - n**3/3 - 4*n**2 + 6*n - 1. Let o(s) = -3*g(s) - 5*u(s). What is o(4)?
-3
Let t(o) be the second derivative of 0*o**2 - 1/12*o